ne q(5).
1220
Let u(x) = -117*x - 8432. What is u(-52)?
-2348
Let g(z) = -12*z + 790. Calculate g(20).
550
Let p(i) = 2*i**3 + 1138*i - 2291. What is p(2)?
1
Let y(p) = 45*p**2 - 2862*p + 2862. Calculate y(1).
45
Let m(b) = 69*b + 2524. What is m(-23)?
937
Let h(l) = -12*l**2 - 204*l + 2126. Calculate h(8).
-274
Let a(w) = 17*w**2 + 445*w - 2554. Determine a(6).
728
Let y(h) = 49*h**3 + 47*h**2 + 10*h - 36. Give y(-1).
-48
Let o(q) = 19*q**2 - 546*q + 1011. Calculate o(23).
-1496
Let f(a) = 7*a**2 - 175*a + 1557. Give f(12).
465
Let p(g) = 12*g**2 + 1163*g - 46. Determine p(-97).
51
Let f(d) = -d**3 + 148*d**2 - 2692*d + 519. Give f(21).
-6
Let q(a) = -4*a**3 + 628*a**2 + 63. Calculate q(157).
63
Let y(r) = -47777*r + 286667. Determine y(6).
5
Let v(t) = -529429*t + 4764867. Calculate v(9).
6
Let x(i) = -3*i**2 + 199*i - 2658. Determine x(32).
638
Let t(z) = -1166*z + 183. Determine t(2).
-2149
Let k(f) = -92*f**2 - 491*f + 17. Calculate k(-6).
-349
Let p(h) = -32402*h + 56638690. Determine p(1748).
-6
Let c(h) = -6*h**2 - 1958*h - 114519. Give c(-250).
-19
Let q(l) = -6345*l + 602793. Determine q(95).
18
Let g(x) = 110602*x + 110588. What is g(-1)?
-14
Let l(o) = o**2 - 263051*o - 2367559. What is l(-9)?
-19
Let u(v) = -74*v + 177. Calculate u(-24).
1953
Let k(t) = 2*t**2 + 15269*t - 244816. Determine k(16).
0
Let x(r) = 15*r**3 - 7855*r**2 - 2618*r - 1013. What is x(524)?
35
Let t(l) = -l**3 - 124*l**2 + 510*l - 323. Calculate t(-128).
-67
Let f(u) = -3*u**3 - 20*u**2 + 556*u + 2336. Calculate f(-4).
-16
Let o(n) = 23*n**2 + 15657*n + 11573. Determine o(-680).
13
Let c(v) = 1379*v + 18141. Calculate c(-13).
214
Let s(h) = -3*h**2 - 397609*h + 6760213. Determine s(17).
-7
Let l(t) = t**3 + 23*t**2 - 1009*t - 819. Determine l(-45).
36
Let q(m) = 3572*m + 310784. Calculate q(-87).
20
Let a(f) = -315175*f - 945634. Calculate a(-3).
-109
Let a(s) = -935*s + 59838. What is a(64)?
-2
Let b(a) = -842*a - 2541. Calculate b(-3).
-15
Let p(q) = 19*q**2 - 2733. Give p(-12).
3
Let x(m) = -25*m**2 + 72*m - 281. What is x(4)?
-393
Let x(v) = -13*v**2 - 600*v - 1302. Determine x(-43).
461
Let r(x) = -x**3 + 41*x**2 - 971*x + 45463. Determine r(43).
12
Let r(d) = -3*d**3 + 3*d**2 + 82*d + 35. Give r(6).
-13
Let f(t) = -2*t**3 - 2*t**2 + 4196*t + 18. Calculate f(0).
18
Let f(b) = -6*b**3 + 58*b**2 - 156*b + 22. Determine f(9).
-1058
Let k(j) = -j**3 + 24*j**2 + 554*j - 467. Determine k(-15).
-2
Let f(p) = p**3 - 22*p**2 + 40*p - 486. Determine f(13).
-1487
Let k(n) = -n**3 + 38*n**2 - 29*n - 2604. Give k(35).
56
Let u(f) = -24*f**2 - 1434*f + 9909. Determine u(-66).
9
Let p(y) = 126072*y + 2. What is p(0)?
2
Let j(a) = a**3 - 172*a**2 + 7*a - 1840. Give j(172).
-636
Let i(b) = -5*b**2 - 142*b + 7793. Determine i(38).
-4823
Let d(m) = -29*m**2 - 274*m + 2. Give d(-12).
-886
Let r(y) = -479*y - 2008. Calculate r(-4).
-92
Let t(n) = 19*n**3 + 71*n**2 + 37*n - 207. Calculate t(-2).
-149
Let m(r) = 29250*r - 87721. What is m(3)?
29
Let j(v) = 161*v - 10080. What is j(51)?
-1869
Let k(p) = 5*p**3 + 64*p**2 - 52*p - 16. Calculate k(-14).
-464
Let k(j) = -739568*j + 4437404. Calculate k(6).
-4
Let k(d) = -386*d - 1315. Calculate k(-4).
229
Let x(s) = -s**2 - 257*s + 357433. Give x(483).
13
Let j(k) = -16*k**2 + 4971*k - 51295. Calculate j(300).
5
Let a(i) = -441*i + 3774. Determine a(6).
1128
Let b(j) = 9314*j - 4675670. Give b(502).
-42
Let c(n) = -1256*n + 375547. Give c(299).
3
Let f(l) = -289*l**2 + 1741*l - 9. What is f(6)?
33
Let n(q) = -2*q**2 + 3491*q - 13941. Determine n(4).
-9
Let d(j) = 136*j**2 - 6187*j + 32232. Determine d(6).
6
Let t(n) = -14*n**3 + 740*n**2 - 630*n + 336. Calculate t(52).
24
Let u(v) = -2*v**3 - 208*v**2 - 5273*v + 380. Calculate u(-44).
72
Let s(q) = q**2 + 161*q - 9291. Calculate s(54).
2319
Let r(u) = 6630*u - 79583. Calculate r(12).
-23
Let g(x) = x**3 + 571*x**2 + 4*x - 73. Determine g(0).
-73
Let c(s) = -2*s**2 + 166*s - 2064. Calculate c(58).
836
Let b(f) = -163939*f - 655745. Calculate b(-4).
11
Let r(g) = -3*g**2 - 1602*g - 14164. Determine r(-9).
11
Let w(m) = -m**3 - 84*m**2 + 4632*m + 408. Give w(-122).
896
Let l(i) = 2*i**3 - 6*i**2 - 74*i + 118. What is l(9)?
424
Let p(z) = 2625*z**2 - 167999*z - 67. Calculate p(64).
-3
Let s(t) = 1876*t + 89. Calculate s(0).
89
Let g(u) = u**2 - 26501*u + 79500. Give g(3).
6
Let l(m) = 9*m**2 + 10932*m + 295575. Calculate l(-1187).
12
Let f(k) = -4*k**3 + 33*k**2 - 22*k - 14. Give f(7).
77
Let x(q) = -792461*q - 44377812. Give x(-56).
4
Let s(f) = -20710*f - 28704049. What is s(-1386)?
11
Let l(n) = n**3 - 109*n**2 - 802*n + 65. Calculate l(-7).
-5
Let c(d) = 448*d - 12552. Give c(28).
-8
Let i(o) = o**2 + 827*o + 67630. What is i(-92)?
10
Let o(k) = -6*k**3 + 438*k**2 - 4389*k - 144. Calculate o(61).
39
Let i(h) = -h**2 - 5542*h + 279646. Give i(50).
46
Let z(k) = -k**2 + 94*k + 2144. What is z(118)?
-688
Let t(w) = 4*w**2 + 19*w + 639. What is t(-25)?
2664
Let m(y) = 467*y - 17347. What is m(37)?
-68
Let k(o) = 8*o**2 - 125*o - 938. Determine k(28).
1834
Let k(l) = -7*l**3 - 1536*l**2 - 659*l - 244. Give k(-219).
194
Let n(i) = 47593*i - 55017511. What is n(1156)?
-3
Let q(m) = m**3 + 18*m**2 + 89*m + 1285. Calculate q(-13).
973
Let c(k) = k**2 + 35619*k - 641359. Calculate c(18).
107
Let z(s) = 12704*s + 63467. What is z(-5)?
-53
Let m(x) = 1362763*x + 1362761. Give m(-1).
-2
Let c(t) = -2*t**3 - 159*t**2 - 906*t - 65331. Determine c(-79).
2
Let i(g) = 357*g + 20445. Calculate i(-57).
96
Let t(u) = 10*u**3 - 1370*u**2 + 4*u - 347. What is t(137)?
201
Let s(y) = 1213*y - 3705. Calculate s(3).
-66
Let b(u) = -3910*u - 148417. What is b(-38)?
163
Let h(i) = 58*i - 3763. Calculate h(40).
-1443
Let i(f) = 110*f - 2906. Determine i(24).
-266
Let o(x) = 343*x - 59061. Calculate o(157).
-5210
Let q(d) = d**2 - 45*d + 443. Calculate q(29).
-21
Let m(z) = z**3 + 26*z**2 - 312*z - 8351. What is m(-25)?
74
Let y(v) = 15400*v - 61971. What is y(4)?
-371
Let o(b) = 148*b**2 + 654*b + 52. Determine o(-4).
-196
Let j(a) = 10*a**3 + 134*a**2 + 256*a - 12. Calculate j(-11).
76
Let n(q) = -q**2 + 2375*q + 1498557. Determine n(-518).
-17
Let j(g) = -2202*g + 880795. Give j(400).
-5
Let t(m) = -m**2 + 142*m - 1211. Give t(10).
109
Let v(i) = -4603*i + 9910. Calculate v(2).
704
Let v(j) = 18*j**3 - 302*j**2 - 75*j + 101. Calculate v(17).
-18
Let g(y) = -y**3 - 198*y**2 - 3720*y + 557. Give g(-177).
1088
Let l(w) = -214*w + 4333. Determine l(7).
2835
Let b(w) = -w**3 + 406*w**2 + 404*w + 1276. Determine b(407).
55
Let w(f) = -431*f**2 + 13368*f - 272. Calculate w(31).
-55
Let w(s) = -s**2 + 154*s + 8014. What is w(-41)?
19
Let f(i) = i**3 - 24*i**2 + 82*i + 31. Determine f(5).
-34
Let q(m) = m**2 - 560*m + 71359. Determine q(194).
355
Let k(z) = 4*z**3 + 49*z**2 - 22*z - 352. Calculate k(-12).
56
Let b(f) = -2319*f - 11419. Give b(-5).
176
Let n(s) = 5*s**2 + 4370*s + 314032. Calculate n(-795).
7
Let l(g) = -32183*g - 64816564. Determine l(-2014).
-2
Let z(a) = -a**3 - 87*a**2 + 64*a - 2152. What is z(-88)?
-40
Let k(g) = -g**2 - 782*g - 103871. What is k(-169)?
-274
Let i(x) = -2260*x - 65698. Determine i(-29).
-158
Let f(v) = -344*v + 767. Determine f(-4).
2143
Let t(l) = -6181*l + 86669. Determine t(14).
135
Let p(j) = 499189*j + 2995136. Calculate p(-6).
2
Let v(z) = 65*z**3 + 123*z**2 + 120*z - 3. What is v(-1)?
-65
Let o(r) = r**3 - 93*r**2 - 928*r + 61404. Calculate o(96).
-36
Let x(c) = 13*c**2 - 56*c + 147. Determine x(6).
279
Let w(i) = -3*i**3 + 78*i**2 + 700*i + 54. Calculate w(-7).
5
Let n(d) = -d**3 - 9*d**2 + 34*d + 367. What is n(-10)?
127
Let f(l) = l**3 - 786*l**2 - 2346*l + 28. Give f(-3).
-35
Let w(i) = 1603*i - 8519. Calculate w(9).
5908
Let p(c) = c**2 + 22709*c + 136194. Determine p(-6).
-24
Let t(d) = -d**3 - 114*d**2 + 114*d - 118. What is t(-115)?
-3
Let j(w) = -23*w**2 + 65*w + 578. Give j(-6).
-640
Let i(j) = 237825*j - 951293. Calculate i(4).
7
Let a(l) = -4*l**3 + 181*l**2 - 980*l + 303. Give a(39).
108
Let s(p) = p**3 - 71*p**2 - 302*p + 760. Determine s(75).
610
Let x(b) = -b**3 - 83*b**2 + 242*b + 19815. Give x(-83).
-271
Let r(c) = 119*c - 8691. What is r(73)?
-4
Let d(s) = -s**2 - 39991*s - 3790106. Determine d(-95).
14
Let z(v) = v**3 - 26*v**2 - 196*v + 63. Calculat